l and 30195?
11
Suppose -52*t + 953 = -191. Let z be 2 + 1 + (-5 - -68). Calculate the greatest common divisor of t and z.
22
Let x be 846/9 + 6 - (-1 + 1). Suppose 3*y - b = x, 7*y + 4*b = 4*y + 95. Calculate the highest common divisor of 12 and y.
3
Suppose 904 = 4*d + 164. Let h be 29 + 200/(-8) + (5 + -8)/(2/(-22)). What is the greatest common factor of d and h?
37
Let c be ((-160)/24 - (-2 + -4))*138969/(-6). Calculate the highest common divisor of c and 3.
3
Suppose 2*v + 5*y = 1063, -3*v + 875 = 5*y - 717. Suppose -v*b = -524*b - 140. Calculate the highest common factor of 448 and b.
28
Let o be 28*(-3 + 99/21). Suppose 5*b = 7*b. Suppose b = -4*x - 6 + 54. What is the highest common factor of x and o?
12
Let t be ((-54)/(-30))/(66/880). Calculate the highest common factor of t and 876.
12
Let y(b) = 3*b**2 + 7*b - 18. Let f be y(2). Let l = -11 + 75. Calculate the greatest common divisor of l and f.
8
Let p(b) = -56*b + 2193. Let w be p(39). Let s be (-1048)/(-14) - 5/(-35). What is the greatest common divisor of s and w?
3
Let l be (198/63)/((-1)/(-14)). Let n = -45 + l. Let b be n - -5 - (-13)/((-13)/(-3)). What is the highest common factor of b and 35?
7
Let x = -66 - -108. Suppose 0 = -15969*d + 15863*d + 16324. Calculate the highest common divisor of d and x.
14
Let y(u) = -u**2 + 10*u + 10. Let o be y(7). Let a be -3 - (3 - (o - 2)). Let b = -2 + a. Calculate the highest common factor of 42 and b.
21
Suppose -v = 3*j - 1685, -j - 5*v + 789 = 204. Suppose 8*k = -6*k + j. Calculate the greatest common factor of k and 20.
20
Suppose 73*c + 21057 - 49893 - 58472 = 0. Calculate the greatest common divisor of c and 460.
92
Suppose -862*y - 84000 = -922*y. What is the highest common factor of 450 and y?
50
Suppose -55*h + 22 = -1445 + 312. What is the highest common divisor of h and 138?
3
Let k(b) = -4*b**2 + b - 1. Let n be k(1). Let c be (-126)/35*((-10)/3 - 0). Let f = c + n. Calculate the greatest common divisor of 1 and f.
1
Let w be (124/20)/((-56)/(-6160)). What is the highest common divisor of 620 and w?
62
Suppose 0 = 2*m + 5*c - 95, 4*m - 1 - 94 = 9*c. Suppose 11 = -0*w + 4*w - 3*i, w + 5*i - 20 = 0. Let p = w + 0. Calculate the greatest common factor of p and m.
5
Let j(o) = o**2 + 185*o - 7934. Let z be j(36). Calculate the highest common factor of 21043 and z.
11
Let p be 18/3 - ((-20)/2 - 2455). What is the greatest common divisor of 21 and p?
7
Let m be (-4)/(-2)*2000955/330. Calculate the greatest common divisor of m and 543.
181
Let i(p) be the first derivative of 5 + 1/3*p**3 + 14*p + 3*p**2. Let s be i(-5). Calculate the highest common divisor of 12 and s.
3
Let d be ((-15)/(0 + 3) - -1)*-74. What is the greatest common divisor of 518 and d?
74
Suppose -6*c + 434 = -160. Let b be (28/10 - 1)/(c/165). Calculate the highest common factor of b and 13.
1
Suppose 0 = c - 4 - 0. Suppose 5 - 66 = -l - 2*p, 211 = c*l - 3*p. Suppose -75*b = -44*b - 37*b + 132. Calculate the highest common factor of l and b.
11
Let m be 56 + (1*(-35)/5 - -7). What is the highest common factor of m and 88?
8
Let t be (-214)/(-9) + 34/(-9) + 4. Let x = t + -25. Let q be 13/(((-1)/1)/x). What is the greatest common factor of 91 and q?
13
Let j = 27460 + -25714. Calculate the highest common divisor of j and 198.
18
Let d = -392 + 432. Suppose -5*k = -d - 1775. What is the highest common divisor of 33 and k?
33
Let k(d) = -d**3 - 29*d**2 - 2*d - 53. Let y be k(-29). Suppose -3*r + 2*r + 12 = -t, -y*r + 58 = -3*t. Calculate the greatest common divisor of r and 517.
11
Let r = -12190 + 12311. What is the highest common divisor of r and 99?
11
Suppose 5*n - 2*t - 60 = 0, n - 1464 + 1430 = -4*t. Calculate the highest common factor of 6447 and n.
7
Let d be (-3)/10 + (-4009)/(-190)*153. What is the greatest common factor of 48 and d?
12
Suppose 2*n + 297 = 5*n. Suppose 0 = -2*o - 0*o + 2*j + 6, -j = 0. Suppose -5*q - o*a = -25 - 8, 5*q = -2*a + 37. What is the highest common factor of n and q?
9
Suppose 0 = -2*m + 3*y + 86, 4*m + 140 = 7*m + y. Suppose -56*d = -6*d - 3450. Calculate the greatest common divisor of d and m.
23
Let a(u) = 57 + 70 + 13*u**2 + u**3 - 114 - 32*u. Let z be a(-15). Calculate the highest common factor of z and 1161.
43
Suppose 5*c - 25 = 0, 0*z + 2*c - 509 = z. Let d = 573 + z. What is the highest common divisor of d and 185?
37
Let n = 67 - -5. Let w(a) = 2312*a - 656. Let l be w(1). What is the greatest common divisor of l and n?
72
Let k = -229 + 163. Let w = -54 - k. Let x be (-8)/24 + 506/6. Calculate the greatest common divisor of w and x.
12
Let u be (3 - 0)/(-3) + 34. Let n be (-133)/7 - -9 - -21. What is the greatest common divisor of u and n?
11
Suppose -197*w + 7209 + 19655 = -5641. Calculate the greatest common divisor of w and 231.
33
Let i = 1174 + 1897. Calculate the greatest common factor of i and 166.
83
Let j = 667 + -349. Let m be (15/((-450)/(-20)))/((-26)/(-117)). Calculate the highest common factor of j and m.
3
Suppose 23 = 3*a - 49. What is the greatest common divisor of 4308 and a?
12
Suppose -5 = -4*q + 23. Let f(a) = -10*a - 37. Let u be f(-4). Suppose q*c + u*c = 120. What is the greatest common divisor of c and 192?
12
Let q = 7981 + -4230. What is the greatest common divisor of 121 and q?
121
Let z = -4 + 6. Let t(o) = -8232*o - 24674. Let g be t(-3). Calculate the greatest common factor of g and z.
2
Suppose 5*z - 56*d + 52*d - 405 = 0, -2*z + 5*d = -145. What is the highest common divisor of z and 4131?
17
Let n = 2098 + -2086. Suppose -24 = -5*s + 3*s. Calculate the highest common factor of n and s.
12
Let q(b) = -223*b - 1630. Let h be q(-8). Calculate the greatest common factor of 266 and h.
14
Let l = -1636 + 2310. Let g = -635 + l. Calculate the highest common factor of g and 1248.
39
Suppose -2*r = 5*u - 2875, -87*r - 3*u - 4239 = -90*r. What is the greatest common divisor of r and 5?
5
Suppose 171612 = -26*v + 40*v. What is the highest common divisor of 18 and v?
18
Suppose 7*s - 2141 = -11*v + 10*v, 3*v - 6461 = -2*s. Calculate the greatest common factor of v and 5.
5
Suppose 11*p + 43 = 9*p + 5*d, -4*p + d - 59 = 0. Let v be (720/(-70))/(3/p). Calculate the greatest common divisor of 12 and v.
12
Let x = -139 + 151. Suppose -121 = x*w - 445. Calculate the greatest common factor of 432 and w.
27
Let g = -2556 - -4508. Calculate the highest common factor of 32 and g.
32
Let x = -19543 - -19568. What is the greatest common divisor of 3145 and x?
5
Let q(f) = -343*f - 5526. Let g be q(-18). Calculate the highest common divisor of 248 and g.
8
Suppose 8*t = 1 - 1. Suppose t = 11*u - 21 - 34. Let c be (-2)/u - (-470)/50. Calculate the highest common divisor of c and 72.
9
Let v(t) = 23*t + 12*t + 18*t + 2*t - 62. Let z be v(7). Calculate the highest common divisor of 17 and z.
17
Suppose 26*m + 36 = 17*m. Let s(o) = 2*o**3 + 8*o**2 - 9*o - 14. Let i be s(m). What is the greatest common factor of 6 and i?
2
Suppose -107*a - 57750 = -121*a. Suppose -49*n = -a + 695. Suppose l + l - 28 = 0. Calculate the greatest common divisor of n and l.
14
Let p be 1167/1 - 4/(8/(-6)). Let y be 0 - (-1 + 1) - p/13. Let h = -46 - y. What is the greatest common factor of h and 22?
22
Let s be 1066/(-14 - 1104/(-78)). What is the highest common factor of 13 and s?
13
Let r = 5804 - 4454. Calculate the highest common factor of 756 and r.
54
Suppose 2*j + 2 = 2*x, 5*j - 2*x - x = -11. Let w(h) = 88*h**2 + h - 4. Let i be w(j). What is the greatest common divisor of 40 and i?
40
Let g(j) = 18*j + 112. Let a be g(-6). Let s be (a - -189) + (-10)/(-2). What is the greatest common divisor of 22 and s?
22
Let p(c) = 33*c**2 + 75*c + 385. Let k be p(-10). What is the greatest common factor of k and 5?
5
Let u be (-4 - (-4097)/1) + 6/2. Calculate the greatest common factor of 896 and u.
128
Suppose 29*o = -4*l + 26*o + 144, -6*l + 224 = 5*o. Suppose -c + 1380 = 4*c. Calculate the highest common factor of c and l.
12
Let d = -728 - -896. What is the greatest common divisor of d and 798?
42
Suppose 2128 = 4*l - 2*h, -4*h + 180 = l - 352. What is the greatest common factor of 504 and l?
28
Let z be (-5)/(7*(-2)/(-14)) - -515. Suppose -2 = 2*i - 3*n - 32, 4*i = 4*n + 60. What is the highest common factor of z and i?
15
Le